t of w(l)?
7
Let q = -6 - 2. Let w(h) = -7*h - 20. Let b(u) = 3*u + 10. Let i(a) = 13*b(a) + 6*w(a). What is the units digit of i(q)?
4
Let r(h) = -6*h + 1. Let c be r(-1). Suppose 4*d - 492 = c*a - 3*a, -5*d = -4*a - 616. Suppose -3*l = 7 - d. What is the tens digit of l?
3
What is the units digit of 1704/((-24)/(-6))*(-3)/(-2)?
9
Let n(h) = 9*h + 9. Let v(i) = i - 1. Let f(k) = n(k) + 3*v(k). What is the tens digit of f(4)?
5
Let t be 0*(-3)/12 + 4. Suppose t*m + m = 645. What is the units digit of m?
9
Let w(x) = 8*x - 73. What is the tens digit of w(23)?
1
Suppose u - 6016 = -4*w + 3*u, -2*w = 5*u - 2996. What is the hundreds digit of w?
5
Let c = -294 + 297. Suppose 15 = 4*j - 25. Suppose j + 89 = c*k. What is the units digit of k?
3
Let w(l) = -l**3 + l**2 + l + 7. Let i be w(0). Suppose 3 = -2*b - i. Let u = b + 17. What is the tens digit of u?
1
Let f = -1 + 3. Suppose -f*i = 56 - 226. What is the tens digit of i?
8
Let w be 3/(6/20) - 18/(-6). Suppose w = 2*m - 2*i - 45, -m + 3*i = -31. What is the units digit of m?
8
Suppose -5*m + 4*s + 12 = -0*s, 2*m + 9 = -3*s. Suppose -x - 2 + 5 = m. Suppose 3*t + 132 = 5*z, x*z + 5*t - t = 85. What is the units digit of z?
7
Suppose 11*f - 8*f = 12. Suppose -2*k = f*x - 2*x - 66, -5*x + 3*k + 181 = 0. What is the tens digit of x?
3
Suppose 0 = -k + 5*j + 1093, k + 4297 = 5*k + 5*j. What is the hundreds digit of k?
0
Let a(x) = -x**3 - 10*x**2 + 15*x + 15. Suppose -3*r = -0*r + 33. Let c be a(r). Let b = c + 76. What is the units digit of b?
7
Let j be ((-168)/(-9))/(-2)*-3. Let a be (18/10)/(126/(-45) - -3). Suppose 3*d - 6*d + 3*r = -a, -4*r = d - j. What is the units digit of d?
8
Suppose 4*h = 8*h - 1924. What is the units digit of h?
1
Let t = 193 - 116. Let y = -35 + t. What is the units digit of y?
2
Let o be (-3897)/27 + (-1)/(-3). Let l = -14 - o. Suppose -h = -2, -2*h = -0*d + 3*d - l. What is the tens digit of d?
4
Let o be (-1)/4 + (-225)/(-20). Let l = 41 - o. What is the units digit of l?
0
What is the units digit of (-3 - 9261)*31/(-93)?
8
What is the hundreds digit of 1393*10/((-490)/(-63))?
7
Let w(v) = 100*v + 1. Let y = 9 - 8. Let g be w(y). Suppose -3*o + 5*x = -g, 5*o - 2*x - 62 = 3*o. What is the units digit of o?
7
Suppose 8*f - 3868 = 132. What is the hundreds digit of f?
5
Suppose -49*c + 8449 = -32*c. What is the hundreds digit of c?
4
Let c = 1478 - 1267. What is the tens digit of c?
1
Suppose 65 + 3 = 2*o. Let l = 105 + -54. Let p = l - o. What is the units digit of p?
7
Suppose 9*b - 12*b + 249 = 0. Suppose -v + b = -0*v + 5*r, -r + 427 = 4*v. What is the units digit of v?
8
Let m(r) = -11*r - 3. Let n be m(-1). Suppose 0 = -8*i + 7*i - n. Let y = i + 17. What is the units digit of y?
9
Let i = 4 - 0. Suppose -27 = -i*o - 3. Let s(r) = 2*r**2 - 9*r + 8. What is the tens digit of s(o)?
2
Let a = -5 + 15. Suppose 2*k - 6 = a. What is the units digit of k?
8
Let v be (-20)/12 + 52/6. Suppose 185 = v*q - 739. What is the units digit of q?
2
Let p = 9326 + -5353. What is the tens digit of p?
7
Let v(m) = 11*m**2 + 20*m + 71. What is the hundreds digit of v(-4)?
1
Let f(v) = -v**3 - 33*v**2 - 8*v - 108. What is the hundreds digit of f(-34)?
3
Suppose 0 = 2*m - 10 + 4. Suppose 22 = d - 2*d + 5*l, 0 = m*d - l - 4. Suppose -d*w - i + 71 = 0, -4*w - 2*i = -i - 94. What is the units digit of w?
3
Suppose -m - 4 = 4. Let h(x) = x**2 + 9*x + 2. Let t be h(m). What is the units digit of 3/t*(0 - 58)?
9
Suppose 0 = 3*o + 271 - 109. Let n = o - -68. What is the units digit of n?
4
Let l(y) = -1 + 4 - 4*y**3 + 12*y - 2*y**3 + 5*y**3. Let w be l(-6). Suppose m + 196 = 4*i, -5*m + m = 3*i - w. What is the units digit of i?
9
Suppose 3*x + b = -2*b + 12, x - 4*b + 11 = 0. Suppose -4*z = -x + 5. What is the units digit of ((-45)/20)/(z/16)?
6
Suppose 5*o - 47 = 2*n, -n = -5*o + 40 + 6. Let r = o + 51. What is the units digit of r?
0
Suppose -2*o + 3*h = -19, h - 16 - 6 = -5*o. Suppose -2*k + 24 = o*t, -k = -t + 2*t - 6. Suppose 0*l + 1 = -l, -3*c + l = -t. What is the units digit of c?
1
Suppose -j - 12 = 5*j. Let m(n) = -5*n**3 - n**2 + 2*n + 1. What is the tens digit of m(j)?
3
Suppose 2 = b - 9. Let p be 15/9 - 1/(-3). Suppose -b = -r + 2*v + p*v, -r + 2*v = -9. What is the units digit of r?
7
Suppose -9*w + 22 = -7*w. What is the tens digit of w/(-44) + 426/8?
5
What is the thousands digit of (14/(-21))/(12/(-18234))?
1
Let d be (2 - 0)*-10*13/4. What is the units digit of d/(-2) + -3 + 6/(-4)?
8
Suppose 2*n + 46 = 3*n. Let h = n + 44. What is the units digit of h?
0
Let n(s) = -s**3 + 4*s**2 - 13. Let r be n(3). What is the units digit of (-19)/r - (-3)/12?
5
Suppose -3 = 2*f - 23. Suppose 3*r = 2*n + 13, f = r + n + 4*n. Let t = 24 - r. What is the tens digit of t?
1
What is the tens digit of (-2)/3 + ((-262600)/(-12))/26?
4
Suppose 4 + 4 = 4*q. Suppose 138 = 4*o - q*o. Suppose u = 4*u - o. What is the tens digit of u?
2
Let c(t) = -205*t + 769. What is the units digit of c(-11)?
4
Let s(q) = 0 - 3*q**2 - 1 + 4*q**2 - 11 + 3*q. Let f = -2 + -4. What is the units digit of s(f)?
6
Suppose -k + 4*y = -20 - 3, -9 = 2*k + 3*y. Suppose -2*p - 24 = -3*p. What is the tens digit of (p/k)/(-4) + 41?
3
Suppose 2*d = -4*n + 2289 + 3211, -4119 = -3*n - 3*d. What is the hundreds digit of n?
3
Suppose 3*s = 2*k + 30, -28 = k - 0*k + 5*s. What is the units digit of (k + -4)/((-8)/44)?
1
Suppose -4*v = -1 - 7. Suppose -l - 77 = -v*y - 6*l, 4*l = 2*y - 68. Suppose y = -2*a + 4*d + 106, -3*a - 5*d + 160 = 0. What is the tens digit of a?
4
What is the thousands digit of -9*2*(-17408)/102?
3
Let v(b) = 3*b + 2. Let f be ((-2)/(-4))/(6/48). Let u be v(f). Let r = u - 2. What is the tens digit of r?
1
Let q(g) = -55*g - 14. Let j be q(-8). Suppose 106 + j = 4*x. What is the tens digit of x?
3
Suppose 3*t - 844 - 2558 = 0. What is the hundreds digit of t?
1
Let i be (1 - (4 - 2))*-420. Suppose -2*j - 3*j = -i. What is the units digit of j?
4
Let b be (88/32)/(3/12). Suppose 5*m + 1410 = b*m. What is the tens digit of m?
3
Let b(d) = -2*d**2 + 8*d + 11. Let o(c) = -7*c**2 + 33*c + 43. Let a(t) = -9*b(t) + 2*o(t). What is the units digit of a(-8)?
1
Let j = 28 - 17. Let l(n) = -7*n - 70. Let x be l(-9). Let i = j - x. What is the tens digit of i?
1
Let d(z) be the third derivative of -z**5/60 + 5*z**4/8 - 7*z**3/6 - 19*z**2. What is the units digit of d(8)?
9
Suppose 3*p + 5*m - 530 = -0*p, 5*p - 5*m - 950 = 0. What is the tens digit of p?
8
Let i(z) = 2*z + 8. Let m be i(5). Let o = -4 + m. Let b(c) = -c**2 + 16*c + 9. What is the tens digit of b(o)?
3
Let r = -115 - -119. Suppose -r*i - 327 + 835 = 0. What is the units digit of i?
7
What is the tens digit of (2 - (1 - 11))/(6/183)?
6
Let x(n) = n**3 + 5*n**2 - 6*n - 5. Let y(b) = -3*b + 19. Let v be y(8). What is the units digit of x(v)?
5
Let w = -221 + 968. What is the units digit of w?
7
What is the units digit of 4946/8 + (-10)/40?
8
Suppose -s + 4 = 0, -3*k + 0*s + 80 = -s. Let g be (-13)/(65/(-30)) - (-2 + 4). Suppose -k = -u - c, 5*u + g*c + 101 = 239. What is the tens digit of u?
2
Suppose 0 = 4*r - 5*r - 120. Let c = r - -178. What is the units digit of c?
8
Let t = -5856 - -10626. What is the thousands digit of t?
4
Let h(n) = -n**3 + 7*n**2 - n + 5. Let z be h(7). What is the tens digit of z*(-424)/20 - (-3)/5?
4
Suppose 0 = q + 2*y + 3*y - 63, 0 = -3*q - 5*y + 139. Suppose q*d = 34*d + 220. What is the tens digit of d?
5
Let n = 171 + -81. What is the tens digit of (1 + 4/(-20))*n?
7
Suppose -25*n + 27*n + 209 = z, -n + 5 = 0. What is the hundreds digit of z?
2
Let r(m) = 43*m - 49. What is the units digit of r(28)?
5
Suppose 0 = 26*i - 1856 - 13068. What is the hundreds digit of i?
5
Let d(m) = m**2. What is the tens digit of d(-4)?
1
Let z be 0 - -7 - 0/(-4 - -9). Suppose -z*j + 2*j = -275. What is the tens digit of j?
5
Suppose 2*w - 3*v = 5*w - 306, 3*w - 302 = -5*v. Let z = -70 + w. What is the tens digit of z?
3
Let h(i) = 5*i + 66. Let o be -1 + (105/5)/1. What is the tens digit of h(o)?
6
Let o(w) = w**2 + 20*w + 34. What is the hundreds digit of o(-24)?
1
Suppose 22 = 4*v - 26. Let h(q) = -q**3 + 11*q**2 + 11*q + 19. What is the units digit of h(v)?
7
Suppose -n + 240 = 4*l, 0 = 10*l - 12*l - 2*n + 114. Let a = l - -2. What is the